ite?
True
Is 19027 prime?
False
Is 166811 a composite number?
True
Is 90327 composite?
True
Is 59593 a prime number?
False
Is 10181 a prime number?
True
Is 766911 prime?
False
Is 3142 composite?
True
Is 35069 a composite number?
False
Is 129671 prime?
True
Is 18973 prime?
True
Is 62383 composite?
False
Is 10427 a composite number?
False
Is 18418 prime?
False
Is 1309793 a composite number?
False
Is 8945 composite?
True
Is 985 composite?
True
Is 237821 a prime number?
True
Is 149239 a composite number?
False
Is 124427 a prime number?
True
Is 569189 composite?
False
Is 50119 composite?
False
Is 455951 prime?
False
Is 83399 a prime number?
True
Is 1090583 a composite number?
True
Is 336917 a prime number?
False
Is 52879 composite?
False
Is 76019 composite?
True
Is 132213 prime?
False
Is 7841 a composite number?
False
Is 165511 a prime number?
True
Is 219071 a composite number?
False
Is 41387 composite?
False
Is 1583183 a composite number?
True
Is 553519 prime?
False
Is 41645 prime?
False
Is 326167 a composite number?
True
Is 635273 prime?
False
Is 251 a prime number?
True
Is 39383 prime?
True
Is 13479 composite?
True
Is 407927 a composite number?
True
Is 4321 a composite number?
True
Is 1429933 composite?
True
Is 2321 a prime number?
False
Is 18965 prime?
False
Is 33893 prime?
True
Is 25429 a composite number?
True
Is 75523 a prime number?
False
Is 392531 a prime number?
True
Is 28981 composite?
True
Is 68131 composite?
True
Is 33481 composite?
True
Is 34234 composite?
True
Is 20849 composite?
False
Is 64709 a prime number?
True
Is 1038083 a prime number?
False
Is 99961 composite?
False
Is 107138 composite?
True
Is 20411 a prime number?
True
Is 746167 a composite number?
False
Is 4967 a prime number?
True
Is 860533 a prime number?
True
Is 1471 a prime number?
True
Is 2787 a composite number?
True
Is 8057 a prime number?
False
Is 71935 prime?
False
Is 5147 composite?
False
Is 2330113 composite?
True
Is 345715 a composite number?
True
Is 20021 composite?
False
Is 4145837 prime?
True
Is 8189 prime?
False
Is 481787 a prime number?
True
Is 24031 a prime number?
False
Is 2839 a composite number?
True
Is 247162 composite?
True
Is 494873 prime?
True
Is 3587 a prime number?
False
Is 9691 prime?
False
Is 1333259 a composite number?
True
Is 592967 a composite number?
False
Is 84187 prime?
False
Is 240785 a prime number?
False
Is 286123 prime?
False
Is 129449 prime?
True
Is 55501 a prime number?
True
Is 236939 composite?
True
Is 107773 composite?
False
Is 12307 prime?
False
Is 233197 prime?
False
Is 26913 a composite number?
True
Is 85283 prime?
False
Is 863851 a prime number?
True
Is 83849 a composite number?
True
Is 3043 a prime number?
False
Is 54022 a composite number?
True
Is 2104889 a prime number?
False
Is 86251 a composite number?
True
Is 63577 composite?
False
Is 11513 a prime number?
False
Is 8035 prime?
False
Is 194846 a composite number?
True
Is 794302 a prime number?
False
Is 27493 a composite number?
True
Is 103549 a composite number?
False
Is 17837 a prime number?
True
Is 14441 prime?
False
Is 67211 composite?
False
Is 557077 composite?
True
Is 721037 composite?
False
Is 1163 a composite number?
False
Is 100839 prime?
False
Is 2437 composite?
False
Is 25177 prime?
False
Is 2023453 composite?
False
Is 3137 a prime number?
True
Is 259577 a composite number?
False
Is 17547 composite?
True
Is 83693 a prime number?
False
Is 451541 composite?
False
Is 1524349 prime?
True
Is 296797 a prime number?
True
Is 1415 composite?
True
Is 8923 prime?
True
Is 33665 a prime number?
False
Is 202277 a composite number?
False
Is 255379 a composite number?
True
Is 24943 a prime number?
True
Is 139267 prime?
True
Is 10499 a composite number?
False
Is 76569 prime?
False
Is 179203 a prime number?
True
Is 170921 a composite number?
False
Is 21481 composite?
False
Is 28387 prime?
True
Is 2863 composite?
True
Is 616163 a prime number?
False
Is 5399 a composite number?
False
Is 13765 a prime number?
False
Is 2323 composite?
True
Is 257 composite?
False
Is 255551 a prime number?
True
Is 254701 composite?
True
Is 5333 composite?
False
Is 1115527 a composite number?
True
Is 53231 prime?
True
Is 1876921 a prime number?
False
Is 404161 a composite number?
False
Is 60209 composite?
False
Is 96779 prime?
True
Is 60877 prime?
False
Is 2153 composite?
False
Is 8038 prime?
False
Is 1961 a prime number?
False
Is 1354105 prime?
False
Is 28297 a prime number?
True
Is 593687 a composite number?
True
Is 907 prime?
True
Is 3341 a composite number?
True
Is 1291669 composite?
False
Is 11581 composite?
True
Is 66841 composite?
False
Is 624653 a composite number?
True
Is 27481 a composite number?
False
Is 63005 a prime number?
False
Is 2906642 prime?
False
Is 233069 a prime number?
True
Is 39703 a composite number?
False
Is 1391897 prime?
False
Is 8891 a prime number?
False
Is 163307 a prime number?
True
Is 5905 composite?
True
Is 34211 a composite number?
False
Is 20627 composite?
False
Is 196709 prime?
True
Is 2509 composite?
True
Is 265178 composite?
True
Is 284959 a composite number?
True
Is 100003 prime?
True
Is 36291 composite?
True
Is 1903 a prime number?
False
Is 583957 prime?
False
Is 543709 prime?
False
Is 2682011 composite?
False
Is 10729 composite?
False
Is 664327 a composite number?
True
Is 2719 prime?
True
Is 38543 composite?
False
Is 88459 a composite number?
True
Is 154571 prime?
True
Is 246307 a composite number?
True
Is 1743259 composite?
True
Is 23459 prime?
True
Is 35749 composite?
True
Is 508823 a composite number?
True
Is 11863 a prime number?
True
Is 64997 prime?
True
Is 419 a composite number?
False
Is 16801 prime?
False
Is 101373 composite?
True
Is 26747 prime?
False
Is 4307 a composite number?
True
Is 88843 prime?
True
Is 22769 a composite number?
False
Is 41551 a prime number?
False
Is 351779 prime?
True
Is 33791 a prime number?
True
Is 338255 a composite number?
True
Is 28673 prime?
False
Is 3413 a composite number?
False
Is 20219 a composite number?
False
Is 16161 prime?
False
Is 87506 composite?
True
Is 164089 a prime number?
True
Is 79769 a prime number?
True
Is 4091 a composite number?
False
Is 20029 composite?
False
Is 39965 composite?
True
Is 7231 prime?
False
Is 1901 a prime number?
True
Is 15997 a prime number?
False
Is 38543 a composite number?
False
Is 68611 a prime number?
True
Is 17519 prime?
True
Is 233141 a composite number?
False
Is 36037 a composite number?
False
Is 379 a composite number?
False
Is 17539 prime?
True
Is 853 prime?
True
Is 11579 a composite number?
False
Is 7711 a composite number?
True
Is 314961 prime?
False
Is 139589 composite?
False
Is 6979 a prime number?
False
Is 50057 prime?
False
Is 8039 composite?
False
Is 108049 composite?
True
Is 23419 composite?
True
Is 6761 composite?
False
Is 6373 a prime number?
True
Is 1067 prime?
False
Is 3889 composite?
False
Is 28109 composite?
False
Is 1168819 a composite number?
False
Is 49893 prime?
False
Is 22951 prime?
False
Is 261127 composite?
False
Is 8641 a prime number?
True
Is 74063 composite?
True
Is 234383 prime?
True
Is 13591 a composite number?
False
Is 476926 a prime number?
False
Is 1067393 a composite number?
True
Is 58663 composite?
True
Is 8939 a prime number?
False
Is 1466783 composite?
False
Is 25199 a prime number?
False
Is 25439 a prime number?
True
Is 202067 a composite number?
False
Is 1252099 a composite number?
True
Is 80635 prime?
False
Is 334601 composite?
True
Is 1239211 a composite number?
True
Is 9033 a prime number?
False
Is 3471355 a composite number?
True
Is 12349 a composite number?
True
Is 3791 a prime number?
False
Is 4979785 prime?
False
Is 5213 a composite number?
True
Is 2798 a prime number?
False
Is 443413 prime?
True
Is 1901 prime?
True
Is 507289 a prime number?
True
Is 3604643 a prime number?
False
Is 38783 composite?
False
Is 191 prime?
True
Is 32881 a composite number?
True
Is 24589 a composite number?
True
Is 12113 a prime number?
True
Is 94079 prime?
True
Is 21233 prime?
False
Is 25381 a composite number?
True
Is 260769 a prime number?
False
Is 4303 prime?
False
Is 258719 composite?
True
Is 4621 prime?
True
Is 3421 a composite number?
True
Is 43729 composite?
True
Is 27883 a composite number?
False
Is 20843 composite?
True
Is 3761 prime?
True
Is 10